 ((-2 - -9) + -12)?
19
What is the value of 8 - (-13 + -6 - -33)?
-6
(-4 - (-2 + 2)) + (20 - 2) + -20
-6
Evaluate 7 + -116 + 107 + 1 + 1.
0
-4 + 3 + 3 - (46 + -39)
-5
What is -11 + 16 + (-19 - -33 - 13)?
6
What is (-7 - 12) + 28 + 4?
13
What is the value of 0 - (4 + -7 + (-6 - -3) + 5)?
1
What is -14 - 2 - (-36 + 16 + 16)?
-12
Calculate -12 + 6 + 7 + (13 - (9 + -6)).
11
What is 4 - 1 - (36 + (-17 - -1))?
-17
Evaluate -62 + (-24 - -42) - -20.
-24
What is the value of -1 + (6 - 3) + 2 + 0?
4
What is the value of -6 - (9 + (-4 - 26) - 5)?
20
What is 6 + 9 + -7 + -13?
-5
(-26 - (4 + 0 + 0)) + -60 + 62
-28
-24 + (17 + -16 - -25)
2
Evaluate -16 - (-21 + (-17 - -24)).
-2
What is the value of -77 + 75 + (11 - 2)?
7
What is 11 - 12 - (1 - -2) - -7 - 5?
-2
What is (-5 + 8 - 5 - -4) + 17 + -3?
16
Evaluate (-3 - 5) + 5 + -7 + 0 - 7.
-17
(-3 - 0) + (-9 - -10) + -2
-4
(16 - (36 - 17)) + 11
8
What is the value of -11 + 45 + -8 - 17?
9
What is (-9 - -4) + (-8 - -13)?
0
What is the value of 2 - -19 - (24 - 25 - (-12 - -7))?
17
5 + (1 - 0) - (47 - 37 - 6)
2
Calculate (0 - -4 - 5) + 0 + (28 - 22).
5
What is the value of (896 - 930) + 0 + 23?
-11
What is -105 - -113 - (-3 - (-33 - -2) - -1)?
-21
-7 + (2 - -4) + -9 - -1
-9
Calculate (6 + (3 - -8) - 5) + (2 - 6).
8
What is (10 - (35 + -17)) + -8?
-16
Calculate 6 - 0 - 14 - (7 + -1).
-14
What is (6 - 1) + 9 + 3 + -5?
12
What is the value of -37 + -22 + (-11 - -55)?
-15
Calculate (17 - 12) + -28 + (-4 - -12).
-15
Evaluate (115 - 124) + (9 - 3 - 13).
-16
-1 - (5 + 7) - -23
10
Calculate (-16 - (-24 + 2)) + -3.
3
What is 0 + 7 + 8 + -7 - -9?
17
What is 13 - 22 - (5 + 0 + 0)?
-14
Evaluate 0 - -9 - 5 - -2 - -8.
14
(18 - (-2 + 5)) + 9
24
What is the value of 7 + (68 - 89) - (17 - -1)?
-32
What is the value of (-3 - (-11 + 40)) + (-5 - 1 - -11)?
-27
What is -27 + 51 + 11 + -7?
28
Calculate (-32 - -20 - 26) + 27.
-11
Calculate -31 + 17 + -5 - -6 - -4.
-9
Calculate (-66 - -62) + (1 - 14).
-17
Calculate -5 + 4 - (-17 - (-19 + 11)).
8
What is the value of (2 + -7 + 9 - -6) + -5?
5
Calculate -3 + (-7 - (-5 + 3 + 3)).
-11
Evaluate -11 + (-6 + -3 + 17 - 4) + 25.
18
-25 - (-10 + 35 + -32 + 0 + -1)
-17
Calculate 7 + (-8 - -4) + (54 - 56).
1
Calculate -164 + 156 + (1 - -27 - 0).
20
What is 42 + -25 + -11 + 4?
10
What is the value of 1 + 18 + (12 - (29 + (-31 - -15)))?
18
Evaluate (6 - (1 + 1)) + (34 - (63 + -22)).
-3
What is ((-2 - 5) + 9 - 13) + -3 + -2?
-16
What is the value of 1 + -11 + (80 - 92)?
-22
Evaluate -18 - ((-3 - -6) + -20).
-1
Evaluate 6 - (7 - 6) - (7 + 7).
-9
(-20 - -15 - 11) + 6 - 24
-34
Calculate -5 + -1 + (-10 - (-11 - (1 + -11))).
-15
Evaluate (4 - 2 - (17 - 21)) + -31 + 8.
-17
Calculate (-17 - (18 + -50)) + -11.
4
(7 - (2 + 3)) + -9 - 7
-14
Evaluate 34 - -7 - (36 + 1).
4
7 + (-28 - -31 - 10)
0
(1 - 3) + 6 + 59 + -69
-6
1 - -1 - (-81 + 83)
0
What is the value of -29 - (2 - (15 + -19 + 17))?
-18
What is -5 - -1 - (7 + -7 + (-9 - -10))?
-5
45 - 47 - (2 + -2 + -5)
3
Evaluate -16 - (-47 + -3 + (0 - -13)).
21
Calculate 0 - -6 - (-16 + 34 + -13).
1
What is (-10 - (26 - 43)) + (-1 - -8)?
14
What is (17 - (-12 + 18)) + (2 - -1) + 5?
19
9 - (23 + -31 + (18 - 2) + 19)
-18
16 + 7 + -6 + -11 + 6
12
Evaluate 0 + (-17 - 3) - -35.
15
What is the value of (2 + -2 - (0 - 6) - 2) + -6?
-2
What is the value of 120 - 124 - (1 + -1 + 3) - 1?
-8
Evaluate 16 + 4 - (2 + (-7 - 2)) - 9.
18
1 + 1 + 4 - -3 - (42 - 56)
23
Evaluate (26 - 16) + -21 + 0.
-11
What is the value of -49 - -52 - (3 - 0)?
0
28 - (28 - (-30 + 24))
-6
Calculate 14 + -2 + -3 + (2 + 0 - 2).
9
What is 3 - 0 - -4 - (1 + 0)?
6
Calculate -1 + (2 + -1 + -2 - (29 + -32)).
1
-18 + (9 - (9 + -7)) + 8
-3
What is 0 - ((15 - 55) + 21)?
19
Evaluate (-14 - -22) + (9 + -28 - -11).
0
What is -3 + (2 - (-3 + -29 + (21 - 13)))?
23
Evaluate -13 + (-16 - -9) - -17 - -33.
30
-7 - (6 + 0 - (-13 - -18)) - -10
2
Evaluate 33 - -7 - 59 - (-8 - 0).
-11
Evaluate 9 - ((-3 - 13) + (-4 - -9)).
20
What is the value of 16 - ((8 - -2) + 6)?
0
Evaluate -11 - (0 + 6 + 0 + -12).
-5
What is the value of -18 - (7 - (20 + -11))?
-16
Calculate 22 - (-1 - -17 - (-18 - -33)).
21
What is the value of 64 + -31 - -12 - (8 - 1) - 5?
33
-10 - (-27 + (-7 - (-27 - (4 - 14))))
7
-9 + -1 - (-1 + -21)
12
Evaluate 0 + (-3 - 4) - (66 + -73).
0
Evaluate -5 - (-3 + 3 + -7) - 2.
0
What is 19 + (-30 - (-9 - (-5 - -12)))?
5
Evaluate 18 + (-23 - (-3 - 7)).
5
Evaluate 0 + 8 - (-16 - -21 - -4).
-1
What is the value of -15 - 12 - (-1 + (-1 + 0 - -1))?
-26
What is (-33 - -44) + -2 + -2?
7
2 - 1 - 34 - (-97 - -84)
-20
-4 + 3 + -25 + 9 - (1 - 5)
-13
Evaluate (-64 + 78 - (0 + (2 - -7))) + 2.
7
Calculate -6 + (7 - -4) + -5 + (0 - 4).
-4
-12 + 1 + 9 + (12 - 4)
6
What is the value of 5 - ((-2 - -1 - -7) + -4 - -2)?
1
What is (25 - 17 - 8) + 8?
8
What is -9 + 3 - (90 - 75)?
-21
-3 + 31 + (-29 - (-28 + -1))
28
What is the value of 2 + 22 - (-396 + 424)?
-4
Evaluate 7 + (-6 - (0 - -4)) - (1 + 9).
-13
What is the value of (16 - 42) + (5 + 1 - 6)?
-26
Calculate 3 - (-8 - (-23 - -13)).
1
Evaluate (-35 - (-64 + 6)) + 7.
30
What is the value of -17 + -46 + 31 - -38?
6
What is -17 + (-31 + 13 - -32)?
-3
What is -4 + 3 + 7 - 13?
-7
Evaluate -32 + -5 + 15 + 8 - -9.
-5
Calculate (-2 + 2 - -1 - 16) + -44 + 49.
-10
What is the value of (9 - (14 - 17)) + (-6 - -13)?
19
What is the value of 4 + -25 + 31 - 24?
-14
What is the value of 11 + (0 - 1 - (21 + 5 + -46))?
30
Evaluate 48 - 60 - (-6 + 0).
-6
Calculate 1 + 9 + 0 + -4 + -1.
5
Calculate 29 + 45 + -37 + -2 + -10 + 0.
25
Evaluate (-20 - (0 + -9)) + 24 - (0 - -1).
12
What is 3 + -1 + (-8 - (-21 - -10)) + -23?
-18
Calculate 0 + (10 - (25 - 4)) - -4.
-7
What is 19 - (12 - -1) - (0 + 8)?
-2
What is 63 + -77 - (-2 + -10)?
-2
What is -322 + 318 + 1 + -6?
-9
Evaluate -14 + 0 + 19 + -21.
-16
-9 + 5 + -4 + 7 + -5
-6
Evaluate 24 - (7 + -8) - 25.
0
What is the value of -18 - (4 + 5 + -39)?
12
What is (-22 - 17) + 40 + -4?
-3
What is the value of (-21 - (21 - 21)) + 33?
12
Calculate 11 + (3 + -7 - (-17 + 12)).
12
Evaluate 23 + -67 - (-60 + 20).
-4
0 + -6 - (19 + -38 + 17)
-4
What is 1 + -26 + (0 - (-21 + (28 - 8)))?
-24
Evaluate 5 - 10 - (12 - 9).
-8
Evaluate -5 - (16 - (32 + 3)).
14
(82 - 73) + 2 + 1
12
Calculate (-2 - -15 - 1) + (-46 - -90) + -45.
11
Evaluate 10 - ((-6 - -4 - 0) + -18 + 42).
-12
Calculate (-3 + 15 - -11) + -31.
-8
3 + (28 - (9 + 8))
14
What is the value of 9 + -11 + 4 + -2?
0
What is 551 - 567 - (-6 + -2)?
-8
(1 - -5 - (4 - 4)) + (-307 - -329)
28
Calculate -6 - (-354 + 324 - (-2 - (2 + -4))).
24
-2 - (5 + -19 + 10 + 2)
0
What is the value of 2 + (1 - 0 - (-16 - (-25 + 17)))?
11
Evaluate (1 - 17) + -8 + 1 + 14.
-9
Evaluate -406 + 406 + (16 - 1).
15
(15 - (25 - 0)) + 24
14
Calculate 24 + -47 + 12 + 27.
16
Evaluate (-14 + -12 - -10) + 8 + 5.
-3
What is the value of -6 + (-19 - 1) + 48?
22
What is the value of (18 - 2) + (-5 - ((7 - 3) + -3))?
10
What is 8 - (-32 + 36 + (0 - 2 - 0))?
6
Evaluate (-2 - -4) + -12 - (38 - 39).
-9
What is the value of -28 + (-9 - 1) + (22 + -50 - -30)?
-36
-80 + 70 - (-1 + -11)
2
Calculate -85 + 38 + (-5 + 3 - (-2 - 11)).
-36
76 + -84 - (0 + -1 - -12)
-19
What is (12 - (-3 - (-40 - 8))) + 12?
-21
What is the value of -2 + (5 + 33 - 22)?
14
What is -21 - (-3 + -16 + -8)?
6
-10 + 16 + 0 + -25 + 12
-7
Calculate -7 + 14 + -6 - (-27 + -3 + 10).
21
Calculate 5 - (-41 - -88) - (1 + -17).
-26
Calculate (4 - -11 - 7) + -17.
-9
(-12 - (-6 - -4 - 4)) + 11 + 2
7
Calculate (-29 - -25 - -14) + -20.
-10
Evaluate -4 + (8 - (8 - 2)) + 13.
11
What is the value of -151 - -160 - (2 + -4 + 1 + 2)?
8
-59 + (42 - 42) + 21
-38
Calculate -1 + -4 + 8 + -5 + -1.
-3
Evaluate 13 - (42 + -43 + 29).
-15
What is the value of 2 - (8 + (7 + -4 - -5) + -25)?
11
Calculate -2 - (-1 + 12 + -24 + 0).
11
What is 25 + (16 - 24) + -25?
-8
What is (0 - (-6 - (4 + -3)) - 0) + -8?
-1
What is the value of (108 - 113) + 2 + 15?
12
What is the value of -16 + (-4 - -19) + 14 + -3?
10
What is -57 + 70 - (-3 + 1 - -5)?
10
What is the value of 19 + (2 - (12 - 0))?
9
What is the value of -3 - (3 - -9) - (10 - -3 - 9)?
-19
Evaluate -1 + -7 + 7 + -4.
-5
Calculate (99 - 78) + -9 + -1 - (1 - -6).
4
2 + 2 + -7 - (41 - 56)
12
Evaluate 19 + 3 + (1 - 4 - -1).
20
-6 + -2 + 5 + -4 + -5
-12
Calculate 15 + -26 + -4 - -14.
-1
-8 + -